et f be u(8). What is the highest common divisor of f and 36?
12
Let o = -11 - -23. What is the greatest common factor of 132 and o?
12
Suppose 2*j = 5*j - 456. Let h = 7 - -12. Calculate the greatest common factor of j and h.
19
Suppose -32 = -6*h + 70. Calculate the greatest common factor of 153 and h.
17
Let j = -3 + 26. Let h = -16 + 0. Let q = j + h. Calculate the highest common divisor of 7 and q.
7
Suppose 2*w - 2 = 0, 0 = -3*j - 2*w + 3 + 5. Let q = -1 + j. Let i be (q/(-3))/((-5)/105). Calculate the greatest common divisor of i and 7.
7
Let c = 57 + -9. What is the greatest common divisor of 12 and c?
12
Suppose 8 = p - 4*l - 19, 2*l = 2*p - 66. Calculate the greatest common factor of 5 and p.
5
Let h(t) = 4*t**2 + t - 2. Let z be h(-2). Let j = 5 - 15. Let q = j + 34. What is the highest common factor of q and z?
12
Let z(b) be the first derivative of -9*b**2/2 - 6*b + 3. Let v be z(-4). Calculate the highest common factor of v and 15.
15
Suppose -3*q = -122 + 50. Calculate the highest common factor of 6 and q.
6
Suppose 4*y - 37 = f - 133, 5*f - 434 = -3*y. What is the highest common divisor of 11 and f?
11
Let u(q) = q - 5. Let c(i) = -i**2 - 4*i + 3. Let a be c(-3). Let w be u(a). What is the highest common factor of 4 and w?
1
Let z = 57 + -3. What is the greatest common factor of 81 and z?
27
Suppose -15*u - 4 = -19*u. Calculate the greatest common factor of u and 5.
1
Let v be (1 + 83)/((-2)/(-4)). What is the highest common divisor of v and 42?
42
Suppose -13*r + 1931 = -1072. Calculate the greatest common divisor of 21 and r.
21
Let x be (6/9)/((-2)/(-105)). Let t be (-1)/(-2)*(12 + 0). Let d be t/36 + (-29)/(-6). Calculate the greatest common divisor of d and x.
5
Suppose 348 - 60 = 4*t. What is the highest common factor of t and 9?
9
Let g(c) = 74*c + 6. Let t(f) = -148*f - 11. Let x(o) = 5*g(o) + 3*t(o). Let u be x(-2). What is the greatest common divisor of u and 58?
29
Let y = 118 - 82. What is the greatest common divisor of y and 24?
12
Suppose -6*z + 3*z = -72. Let n be (1 - 2) + z + 1. Let u = n + -10. Calculate the greatest common factor of u and 42.
14
Let w = -3 - 19. Let n be 44/(-3)*33/w. What is the highest common divisor of n and 242?
22
Let n = 10 - 18. Let w(y) = y + 18. Let i be w(n). Let g be i/(-35) - 107/(-7). What is the greatest common factor of g and 15?
15
Let f = 4 - 0. Suppose 0 = -u + d + f, 2*u - 5 = -2*d - 1. Suppose 0*v + u*v + 43 = 4*p, 2*p - 25 = 5*v. Calculate the greatest common factor of 10 and p.
10
Let s = 5 + -2. Let z = 2 - 3. Let g be z/(-3) - (-70)/6. What is the greatest common divisor of g and s?
3
Let x be (6 + 0)/((-12)/(-8)). Let y be 54/((30/(-4))/(-5)). What is the highest common divisor of y and x?
4
Suppose 0 = y + 3*y. Let q(h) = 4*h**3 - 2*h**2 + 1. Let u be q(1). Suppose y = -2*x + u*x - 35. What is the greatest common factor of 14 and x?
7
Suppose -35 = -g + 15. Calculate the greatest common divisor of g and 10.
10
Let h be -2 + 38 - (-5)/1. Calculate the greatest common factor of 328 and h.
41
Let x(y) = -y - 9. Let h be x(-8). Let z = h + 8. Calculate the greatest common divisor of z and 14.
7
Let u = 4 + -4. Suppose u = v - 5 - 0. Suppose -132 = -v*x + 48. Calculate the highest common factor of 12 and x.
12
Let b be (3 - 2)*2 - 0. Let x(w) = 3*w**2 + 3*w - 2. Let k be x(b). Suppose -3*l + 336 = -192. What is the greatest common divisor of k and l?
16
Let w be ((-48)/9)/((4/9)/(-2)). What is the highest common divisor of w and 36?
12
Let u be 1/(-3)*(-15 + -3). Suppose -o + u - 2 = 0. Suppose -d - 143 = -o*t, -3*t + 3*d - 5*d = -110. What is the greatest common factor of 6 and t?
6
Let r = 58 - 25. What is the greatest common divisor of r and 11?
11
Suppose 9*d - 88 = 4*d - 2*l, -l = -4*d + 60. What is the highest common divisor of 64 and d?
16
Let z be 3 - 0 - (-6)/(-6). Suppose -3*g - z*g - 130 = 0. Let r = -7 - g. What is the greatest common divisor of 76 and r?
19
Let k = 6 - 4. Let g be (-16)/3*(-3)/k. Let m be 106/6 + g/(-12). What is the highest common factor of m and 187?
17
Let j = 37 - 11. Calculate the highest common factor of j and 65.
13
Let q(t) = -25*t - 5. Let o be q(-2). Suppose 3*u - o - 257 = -2*d, 3*d + 223 = 2*u. Calculate the greatest common factor of u and 13.
13
Suppose 8 = 2*b + 4. Suppose 0 = -v - b + 34. Calculate the greatest common factor of v and 16.
16
Let b(k) = k**3 + 4*k**2 - 6*k + 1. Let q be b(-5). What is the greatest common divisor of q and 6?
6
Let n = 27 + -6. What is the greatest common factor of n and 21?
21
Suppose -2*c + 3*c = 1. Let q be (10*1)/(c/4). Let y be ((-48)/q)/(6/(-400)). Calculate the greatest common divisor of 10 and y.
10
Suppose -5*x = 3*t - 174, 5*x + 2*t = -0*t + 176. Calculate the greatest common divisor of x and 4.
4
Suppose -3*t - 1 = -22. Let m(v) = 21*v**2 + 29*v**2 + 1 + 37*v**2 - 11*v**2. Let s be m(-1). What is the greatest common divisor of t and s?
7
Let t(p) = p**3 + p**2 - 2*p + 153. Let b be t(0). Suppose 3*j = j + 34. Calculate the highest common divisor of b and j.
17
Let u(q) = -21*q - 6. Let r = -20 + 14. Let l be u(r). Suppose -l = 2*z - 7*z. Calculate the greatest common divisor of z and 60.
12
Let j = 12 + -9. Suppose -j*z - 5 = -35. What is the greatest common divisor of z and 20?
10
Suppose -2*v + 6 = 0, 0 = y - 0*y + 4*v - 264. Calculate the greatest common divisor of y and 28.
28
Let f = -25 + 40. Calculate the greatest common divisor of 60 and f.
15
Let c = 1 - -6. Suppose 0 = 4*r + 3*x - c - 9, 3 = r + x. Suppose 224 = -0*p + 4*p. What is the highest common divisor of r and p?
7
Suppose 4*c + 32 = 8*c. Let l(x) = 3*x**2 + 7*x + 20. Let h be l(-4). What is the highest common factor of c and h?
8
Let r = -4 - -6. Suppose -3*c + t + 731 = 0, -c - 7*t + r*t + 217 = 0. Suppose -b = b - c. What is the highest common factor of b and 11?
11
Let w = 9 + 6. Let c = 29 - w. Suppose 0 = 4*n - 3*n - c. What is the highest common divisor of n and 2?
2
Let w be 2/(-10) + (-44)/(-20). Suppose -38 = -g - 4*g + 2*z, w*g - 13 = 3*z. Let i be ((-2)/1)/(g/(-56)). What is the greatest common factor of 2 and i?
2
Let x = 14 + -3. Let o = 182 - 94. What is the greatest common divisor of x and o?
11
Let a = -14 + 122. Calculate the greatest common divisor of 24 and a.
12
Suppose 6*r = -2*r + 2128. What is the highest common factor of 38 and r?
38
Let a(x) = -x**3 - 5*x**2 - 3*x + 9. Let m be a(-4). Suppose 25 + 110 = m*f. What is the highest common factor of f and 3?
3
Let x(g) = g - 2. Let w be x(7). Calculate the greatest common factor of w and 2.
1
Suppose 0 = -5*p + 29 - 9. Let w(c) = 40*c + 5. Let f be w(p). Suppose -5*x = -2*x - f. What is the highest common divisor of x and 5?
5
Let p(c) = -c - 1. Let g be p(-3). Let f be -1 - (g - (-15)/3). Let q = f - -15. Calculate the highest common factor of 7 and q.
7
Let n be (-937)/(-5) - 18/(-30). What is the highest common factor of n and 47?
47
Let c(q) = q - 2*q**2 + 0*q**2 + 13*q**3 + 0*q. Let m be c(1). What is the highest common divisor of 6 and m?
6
Let t be (-4)/(-14) - (-1872)/63. What is the highest common factor of t and 6?
6
Suppose -3 = 3*x - 4*x. Let q(b) = 5 - 1 + 8*b - x. Let j be q(3). What is the highest common divisor of j and 5?
5
Let i = 8 + -6. Suppose 3*l + 104 = -4*v - l, -i*l - 127 = 5*v. Let b = v + 35. What is the greatest common factor of 30 and b?
10
Suppose 0 = h - 5*b - 7, -5*h - 4*b - 76 - 5 = 0. Let s = 27 + h. Let u = 105 + 49. What is the highest common factor of u and s?
14
Let l(r) be the third derivative of -5*r**4/24 + 2*r**2. Let x be l(2). Let u be 6*(x/(-4) - 0). Calculate the highest common factor of u and 15.
15
Suppose 3*b = 4*b - 22. Suppose 5*y = z - 284, 95 = -2*y + 4*z - 33. Let a = y + 111. What is the greatest common factor of a and b?
11
Let x(s) = s**3 + 2*s**2 + s. Let h be x(3). Let a be ((-84)/(-16))/(2/h). What is the highest common factor of a and 14?
14
Let x = 49 - 9. What is the highest common factor of x and 16?
8
Suppose -6145 + 2395 = -5*o. Let c be o/3*1/1. Suppose 0 = 5*g - 25, 0 = 3*a - a - 4*g - c. What is the greatest common divisor of a and 15?
15
Let i be ((-2 + -4)/3)/((-4)/38). Calculate the highest common divisor of i and 19.
19
Let n be (0 + 2)*-2*(-152)/32. Let k = 2 + 0. Suppose 